, -4*k + p = 2*p. Let w be (k - 1) + 1 - -30. What is the greatest common divisor of w and l?
10
Let w(a) = -20*a - 2. Let v be w(-2). Let o = -721 - -1139. What is the highest common factor of o and v?
38
Suppose 2*w - 14 + 24 = 0, -235 = -3*j + 5*w. Calculate the highest common divisor of j and 120.
10
Let o be (-4)/8 - 11/(-2). Let q(n) = -7*n + 1. Let p be q(-2). Suppose f = -2*g + 8, 3*g = -2*f - 2*g + p. What is the greatest common factor of f and o?
5
Let b = -2209 - -2469. What is the greatest common factor of 156 and b?
52
Let d(p) = -4*p + 90. Let i be d(18). What is the greatest common factor of i and 414?
18
Let r be (-148)/2*(-5)/2. Calculate the highest common factor of 5 and r.
5
Let q be 38/5 - -1 - 42/(-105). What is the highest common factor of 1 and q?
1
Let s = 207 + 957. What is the greatest common factor of s and 12?
12
Suppose 0 = 2*a + 3 + 3, -2*f + 181 = a. Calculate the greatest common divisor of 46 and f.
46
Suppose 0 = -8*q + 3*q - 430. Let l be 2/(-3) + q/(-3). Let t be (-2)/6 + 1 - 832/(-12). Calculate the greatest common factor of t and l.
14
Suppose -2*k = -49 - 113. What is the highest common divisor of k and 351?
27
Let j(k) = -26*k**3 - 2*k**2 + 2. Let g be j(-1). What is the highest common factor of g and 234?
26
Let j(n) = 582*n**3 - 4*n**2 - n - 1. Let w be j(2). Suppose -16*d + w = 237. What is the highest common factor of 25 and d?
25
Suppose 5*k = -25*k + 1260. Suppose 0*m + 4*m - 12 = 0. Suppose 3*f + q = 190, m*f - 5*q = 23 + 161. Calculate the greatest common factor of k and f.
21
Let m = -1001 + 1022. What is the highest common divisor of m and 28?
7
Let g = -19 + 42. Suppose 5*y + 0*y - g = -o, -5*o = -2*y - 7. Suppose l = -4*j + 11, o*l + 2*l - 103 = 4*j. Calculate the greatest common factor of 133 and l.
19
Suppose -2*s - 3 = -9. Suppose x - 3 = 1. Suppose s*r - x*w = 10, 0 = r - 3*w - 5. What is the highest common factor of r and 18?
2
Suppose 3*t - 21 = -x, -4*x + 147 = 2*t + 43. What is the greatest common divisor of 675 and x?
27
Suppose 3*h + 5 = -7, -14 = t + 4*h. Suppose 0 = 4*z - v - 20, 0*v - t*v + 8 = 0. Let a = 24 - z. What is the highest common divisor of a and 198?
18
Let g = 88 - 51. Suppose -4*v = -b - 2 - 15, -4*b = 5*v - g. Suppose v*k - 10 = 15. What is the greatest common factor of 45 and k?
5
Let k be (-8)/2 + (2 - 0). Let z = -12 + k. Let x(r) = -r**3 - 15*r**2 - 21*r - 20. Let q be x(z). What is the greatest common divisor of 26 and q?
26
Let y be (42/(-4) - 0)*18/(-27). Let f be y - (-7 + 3)*-1. What is the greatest common factor of 6 and f?
3
Let z be (23 - -1)*395/158. What is the greatest common divisor of 12 and z?
12
Let n be 7*1 + (95 - (-28)/(-14)). Calculate the highest common factor of 1250 and n.
50
Let f(o) = -o + 11. Let m be f(6). Suppose m*n + 4*q - 2*q - 41 = 0, -5*n + 20 = -5*q. What is the highest common divisor of 7 and n?
7
Suppose -214 = -25*b + 236. Calculate the greatest common divisor of 126 and b.
18
Let g = 641 - 597. What is the highest common factor of g and 22?
22
Let n(d) = -d + 27. Let t be n(0). Suppose 0 = 3*m - 4*j - 21, 0*m = -2*m - 5*j - 9. Suppose m*x - 972 = -x. Calculate the greatest common factor of x and t.
27
Suppose 3*y = 2*t + 58, 2*t - 21 = -2*y + 11. Let n = 1845 + -1836. What is the greatest common divisor of n and y?
9
Suppose 100 = 3*s + 2*s. Suppose -58*a = -52*a - 60. Calculate the greatest common divisor of s and a.
10
Let n = -1918 - -5093. Calculate the greatest common divisor of n and 25.
25
Let l = 495 - 280. Let k = l + 37. What is the highest common divisor of k and 36?
36
Let y be 4*(-145)/(-30) + 2/3. Calculate the highest common divisor of 5 and y.
5
Let l = 289 + -219. Calculate the greatest common factor of l and 182.
14
Suppose 4*g + 5*t = 7*t + 376, 0 = 5*g - t - 464. Suppose -g = -4*v + 2*d - d, d + 20 = v. Calculate the highest common factor of v and 192.
24
Let x = -20 + 29. Let c(u) = u**3 + 34*u**2 + 164*u - 109. Let k be c(-28). What is the highest common factor of x and k?
3
Let h be (-38)/(-38) - (-46)/2. What is the highest common divisor of h and 600?
24
Suppose 0 = 4*l + l - 10. Suppose -10 = -5*f + r, 0 = f - 2*r - 2*r - l. Suppose f = -4*j + 30. Calculate the highest common divisor of j and 7.
7
Let f be 19/((-19)/18)*(-1 - 0). What is the highest common factor of f and 6?
6
Let l be 1986/60 - 6/60. Calculate the greatest common factor of 407 and l.
11
Let l = 451 + -450. What is the highest common divisor of 12 and l?
1
Let t = 1315 - 1283. Calculate the greatest common factor of t and 1072.
16
Suppose 0*q - 5*q = 0. Let b = 112 + -65. Suppose 4*f - 3*x = b, -f - 3*x + 4*x + 11 = q. Calculate the highest common divisor of f and 112.
14
Let u be (-1676)/(-14) - (-5)/(35/2). What is the highest common factor of 72 and u?
24
Suppose -5*t + 40 = -0*t. Suppose v + 5 = t. Let m be 12/28 + (-186)/(-7). What is the greatest common divisor of v and m?
3
Let b be 16 + (20/(-2) - -4). Calculate the greatest common divisor of 270 and b.
10
Suppose 4*z - 4 = 2*o, -9 = z - 2*o + 4*o. Let y be (2/(-6))/z + 3592/24. Calculate the greatest common factor of y and 30.
30
Let n be (-59007)/(-91) + 4/7. Calculate the greatest common divisor of 22 and n.
11
Let b be (-5 - -2) + (-626)/(-2). Let a = 13 + -8. Suppose h + 55 = s, 4*h - b = -a*s + 2*h. What is the greatest common factor of s and 15?
15
Suppose 13*x = -0*x + 11778. What is the greatest common factor of x and 6?
6
Let m be (-1 + (-57)/(-6))/(35/140). Calculate the highest common factor of 51 and m.
17
Let c(o) = -5*o - 1. Let h be c(-1). Let a be 13/h*(-84)/(-7). Let n = -6 + a. Calculate the greatest common factor of n and 3.
3
Let s(o) = -3*o + 19. Let f be s(-6). What is the highest common divisor of f and 592?
37
Let f = -1122 - -1151. What is the highest common divisor of f and 58?
29
Let f = -141 - -249. Let y be (-14)/(-63) - (-88)/9. Suppose 4 = j - c - 7, j = 2*c + y. What is the highest common divisor of f and j?
12
Let z = 7 - 1. Let w = 6666 + -6648. What is the greatest common divisor of w and z?
6
Let c(p) = p**2 - p + 1. Let x be c(2). Suppose 4*f + 265 = -5*a, a = x*a + 3*f + 113. Let y = 98 + a. Calculate the highest common factor of y and 7.
7
Let m be 0 + 0/1 - (-2 + -2). Let v be (-14)/m*80/(-35). Calculate the greatest common factor of v and 20.
4
Suppose -3*g - 1 = 2*q - 3*q, 0 = -2*g. Let x(s) = 9*s + 43. Let z be x(-4). What is the greatest common divisor of z and q?
1
Let c(n) be the second derivative of -n**3/3 - n**2/2 + 14*n. Let h be c(-10). What is the highest common divisor of h and 19?
19
Let j(l) = -l**3 + 19*l**2 - 30*l - 66. Let p be j(15). Calculate the highest common factor of p and 48.
48
Let h(o) = -26*o - 55. Let m(d) = 5*d + 11. Let q(f) = -4*h(f) - 22*m(f). Let g be q(-9). Suppose -2*z + g = 2*z. What is the highest common factor of 1 and z?
1
Let w = 0 - -7. Let t = 0 - 0. Suppose k + 0 - w = t. Calculate the greatest common factor of 77 and k.
7
Suppose 0 = i + 5*u - 240, -3*i + 48*u + 686 = 46*u. What is the greatest common divisor of 160 and i?
10
Suppose 2*a + 420 = 12*a. What is the greatest common factor of 54 and a?
6
Suppose 0 = 2*p - 5*a - 2 - 39, -4*p - 3*a + 121 = 0. Suppose 6*b - 7*b - j = -58, 4*b - 222 = j. Calculate the greatest common factor of p and b.
28
Suppose -223 = 5*w - 268. Let f be 1/((-4 - -2)/(-234)). Calculate the greatest common divisor of w and f.
9
Let h be ((-84)/(-7))/3 + 136. What is the greatest common divisor of 105 and h?
35
Let g be 10/3*378/15. Suppose 4*s - 56 = g. What is the greatest common divisor of s and 35?
35
Let w = 154 - 36. What is the greatest common divisor of w and 2?
2
Suppose 18 = -4*v + 5*v. Suppose 21*f - 90 = 15*f. Let k = f - 3. What is the highest common divisor of k and v?
6
Let a = -16 + 31. Suppose 0 = x - h - 7, 3*x - h = 2 + 9. Suppose 4*c = 16, 3*t - 413 = -0*c - x*c. What is the highest common divisor of t and a?
15
Suppose -8*y - 28 + 12 = 0. Let v be y/(-13) + 1837/143. Calculate the greatest common divisor of v and 117.
13
Let x = 370 + -352. Calculate the greatest common factor of x and 1062.
18
Suppose -4*d + 17 + 19 = 0. Suppose 7*n = 31 + 11. What is the highest common factor of n and d?
3
Let t = -19 - -21. Let v be (-4 - (-2 - t)) + 11.